{"id":2126,"date":"2025-08-25T22:51:15","date_gmt":"2025-08-25T22:51:15","guid":{"rendered":"https:\/\/clasco.mx\/blog\/?page_id=2126"},"modified":"2025-11-04T16:38:33","modified_gmt":"2025-11-04T16:38:33","slug":"vender-con-envio-gratis-en-clasco-mx","status":"publish","type":"page","link":"https:\/\/clasco.mx\/blog\/vender-con-envio-gratis-en-clasco-mx\/","title":{"rendered":"Vender con env\u00edo gratis en Clasco.mx"},"content":{"rendered":"\t\t<div data-elementor-type=\"wp-page\" data-elementor-id=\"2126\" class=\"elementor elementor-2126\">\n\t\t\t\t<div class=\"elementor-element elementor-element-82d6d8b e-flex e-con-boxed e-con e-parent\" data-id=\"82d6d8b\" data-element_type=\"container\">\n\t\t\t\t\t<div class=\"e-con-inner\">\n\t\t\t\t<div class=\"elementor-element elementor-element-b07b00e elementor-widget elementor-widget-image\" data-id=\"b07b00e\" data-element_type=\"widget\" data-widget_type=\"image.default\">\n\t\t\t\t<div class=\"elementor-widget-container\">\n\t\t\t\t\t\t\t\t\t\t\t\t\t\t\t<img fetchpriority=\"high\" decoding=\"async\" width=\"426\" height=\"252\" src=\"https:\/\/clasco.mx\/blog\/wp-content\/uploads\/2025\/08\/repartidorazul.webp\" class=\"attachment-large size-large wp-image-1928\" alt=\"repartidorazul\" srcset=\"https:\/\/clasco.mx\/blog\/wp-content\/uploads\/2025\/08\/repartidorazul.webp 426w, https:\/\/clasco.mx\/blog\/wp-content\/uploads\/2025\/08\/repartidorazul-300x177.webp 300w\" sizes=\"(max-width: 426px) 100vw, 426px\" title=\"Vender con env\u00edo gratis en Clasco.mx\">\t\t\t\t\t\t\t\t\t\t\t\t\t\t\t<\/div>\n\t\t\t\t<\/div>\n\t\t\t\t\t<\/div>\n\t\t\t\t<\/div>\n\t\t<div class=\"elementor-element elementor-element-dcec4f0 e-flex e-con-boxed e-con e-parent\" data-id=\"dcec4f0\" data-element_type=\"container\">\n\t\t\t\t\t<div class=\"e-con-inner\">\n\t\t\t\t<div class=\"elementor-element elementor-element-e1668d7 elementor-widget elementor-widget-text-editor\" data-id=\"e1668d7\" data-element_type=\"widget\" data-widget_type=\"text-editor.default\">\n\t\t\t\t<div class=\"elementor-widget-container\">\n\t\t\t\t\t\t\t\t\t<p>C\u00f3mo vender con env\u00edo gratis en Clasco.mx: Gu\u00eda completa para atraer m\u00e1s clientes y aumentar tus ventas<\/p>\t\t\t\t\t\t\t\t<\/div>\n\t\t\t\t<\/div>\n\t\t\t\t<div class=\"elementor-element elementor-element-7848cbe elementor-widget elementor-widget-text-editor\" data-id=\"7848cbe\" data-element_type=\"widget\" data-widget_type=\"text-editor.default\">\n\t\t\t\t<div class=\"elementor-widget-container\">\n\t\t\t\t\t\t\t\t\t<h3><span data-start=\"334\" data-end=\"350\" style=\"\">Introducci\u00f3n<\/span><\/h3>\n<p data-start=\"351\" data-end=\"889\">El comercio electr\u00f3nico en M\u00e9xico est\u00e1 creciendo a pasos acelerados. Cada vez m\u00e1s consumidores prefieren comprar en l\u00ednea, no solo por la conveniencia, sino tambi\u00e9n por las ventajas que encuentran en comparaci\u00f3n con las tiendas f\u00edsicas. Uno de los factores decisivos para concretar una compra es el <strong data-start=\"650\" data-end=\"669\">costo del env\u00edo<\/strong>.<br data-start=\"670\" data-end=\"673\">De hecho, estudios de la Asociaci\u00f3n Mexicana de Venta Online (AMVO) muestran que m\u00e1s del <strong data-start=\"762\" data-end=\"796\">70 % de los compradores online<\/strong> consideran el <strong data-start=\"811\" data-end=\"827\">env\u00edo gratis<\/strong> como un incentivo clave al momento de elegir d\u00f3nde comprar.<\/p>\n<p data-start=\"891\" data-end=\"1151\">En Clasco.mx lo sabemos, por eso damos a nuestros vendedores la posibilidad de <strong data-start=\"970\" data-end=\"1014\">activar el env\u00edo gratis en sus productos<\/strong>, con la finalidad de mejorar la experiencia de compra, destacar frente a la competencia y, lo m\u00e1s importante, <strong data-start=\"1125\" data-end=\"1148\">aumentar las ventas<\/strong>.<\/p>\n<p data-start=\"1153\" data-end=\"1214\">Este art\u00edculo es una gu\u00eda pr\u00e1ctica y detallada que explica:<\/p>\n<ul data-start=\"1215\" data-end=\"1469\">\n<li data-start=\"1215\" data-end=\"1254\">\n<p data-start=\"1217\" data-end=\"1254\">Qu\u00e9 significa ofrecer env\u00edo gratis.<\/p>\n<\/li>\n<li data-start=\"1255\" data-end=\"1303\">\n<p data-start=\"1257\" data-end=\"1303\">Por qu\u00e9 es tan valorado por los compradores.<\/p>\n<\/li>\n<li data-start=\"1304\" data-end=\"1339\">\n<p data-start=\"1306\" data-end=\"1339\">C\u00f3mo configurarlo en Clasco.mx.<\/p>\n<\/li>\n<li data-start=\"1340\" data-end=\"1416\">\n<p data-start=\"1342\" data-end=\"1416\">Estrategias inteligentes para implementarlo sin afectar tu rentabilidad.<\/p>\n<\/li>\n<li data-start=\"1417\" data-end=\"1469\">\n<p data-start=\"1419\" data-end=\"1469\">Preguntas frecuentes y errores comunes a evitar.<\/p>\n<\/li>\n<\/ul>\n<p data-start=\"1471\" data-end=\"1585\">Prep\u00e1rate, porque al terminar tendr\u00e1s claro c\u00f3mo usar esta herramienta para impulsar tu negocio en el marketplace.<\/p>\n<hr data-start=\"1587\" data-end=\"1590\">\n<h2 data-start=\"1592\" data-end=\"1656\"><strong data-start=\"1595\" data-end=\"1656\">1. El env\u00edo gratis: una tendencia que lleg\u00f3 para quedarse<\/strong><\/h2>\n<p data-start=\"1657\" data-end=\"1791\">Antes de ver c\u00f3mo aplicarlo, es importante entender <strong data-start=\"1709\" data-end=\"1763\">por qu\u00e9 el env\u00edo gratis se ha vuelto indispensable<\/strong> en el comercio electr\u00f3nico.<\/p>\n<ol data-start=\"1793\" data-end=\"2552\">\n<li data-start=\"1793\" data-end=\"2038\">\n<p data-start=\"1796\" data-end=\"2038\"><strong data-start=\"1796\" data-end=\"1823\">El consumidor lo espera<\/strong><br data-start=\"1823\" data-end=\"1826\">Grandes players como Amazon, Mercado Libre o Shein han educado al mercado. Para el cliente promedio, comprar online significa pagar el precio publicado y recibir el producto en casa, sin sorpresas adicionales.<\/p>\n<\/li>\n<li data-start=\"2040\" data-end=\"2265\">\n<p data-start=\"2043\" data-end=\"2265\"><strong data-start=\"2043\" data-end=\"2077\">Reduce el abandono del carrito<\/strong><br data-start=\"2077\" data-end=\"2080\">Una de las principales razones por las que los compradores abandonan sus carritos es encontrar un <strong data-start=\"2181\" data-end=\"2226\">costo extra de env\u00edo al final del proceso<\/strong>. El env\u00edo gratis elimina esa fricci\u00f3n.<\/p>\n<\/li>\n<li data-start=\"2267\" data-end=\"2415\">\n<p data-start=\"2270\" data-end=\"2415\"><strong data-start=\"2270\" data-end=\"2300\">Genera percepci\u00f3n de valor<\/strong><br data-start=\"2300\" data-end=\"2303\">Aunque el vendedor absorba el costo, psicol\u00f3gicamente el comprador siente que obtiene un beneficio adicional.<\/p>\n<\/li>\n<li data-start=\"2417\" data-end=\"2552\">\n<p data-start=\"2420\" data-end=\"2552\"><strong data-start=\"2420\" data-end=\"2443\">Fomenta la recompra<\/strong><br data-start=\"2443\" data-end=\"2446\">Los clientes satisfechos con su experiencia regresan. El env\u00edo gratis es una forma simple de fidelizar.<\/p>\n<\/li>\n<\/ol>\n<hr data-start=\"2554\" data-end=\"2557\">\n<h2 data-start=\"2559\" data-end=\"2616\"><strong data-start=\"2562\" data-end=\"2616\">2. Beneficios de ofrecer env\u00edo gratis en Clasco.mx<\/strong><\/h2>\n<p data-start=\"2617\" data-end=\"2743\">Implementar el env\u00edo gratis en tus productos no es solo un \u201cgancho comercial\u201d, tambi\u00e9n genera ventajas reales para tu negocio:<\/p>\n<ul data-start=\"2745\" data-end=\"3387\">\n<li data-start=\"2745\" data-end=\"2871\">\n<p data-start=\"2747\" data-end=\"2871\"><strong data-start=\"2747\" data-end=\"2785\">Mayor visibilidad en la plataforma<\/strong><br data-start=\"2785\" data-end=\"2788\">Los productos con env\u00edo gratis reciben prioridad en listados y recomendaciones.<\/p>\n<\/li>\n<li data-start=\"2872\" data-end=\"3005\">\n<p data-start=\"2874\" data-end=\"3005\"><strong data-start=\"2874\" data-end=\"2913\">Incremento de la tasa de conversi\u00f3n<\/strong><br data-start=\"2913\" data-end=\"2916\">Vendedores que activan esta funci\u00f3n reportan mayor porcentaje de compras finalizadas.<\/p>\n<\/li>\n<li data-start=\"3006\" data-end=\"3135\">\n<p data-start=\"3008\" data-end=\"3135\"><strong data-start=\"3008\" data-end=\"3039\">Confianza y profesionalismo<\/strong><br data-start=\"3039\" data-end=\"3042\">Los clientes perciben que tu tienda es m\u00e1s confiable al ofrecer condiciones competitivas.<\/p>\n<\/li>\n<li data-start=\"3136\" data-end=\"3270\">\n<p data-start=\"3138\" data-end=\"3270\"><strong data-start=\"3138\" data-end=\"3180\">Diferenciaci\u00f3n frente a la competencia<\/strong><br data-start=\"3180\" data-end=\"3183\">Si otros vendedores cobran env\u00edo y t\u00fa no, el comprador probablemente te elija a ti.<\/p>\n<\/li>\n<li data-start=\"3271\" data-end=\"3387\">\n<p data-start=\"3273\" data-end=\"3387\"><strong data-start=\"3273\" data-end=\"3310\">Impulso en productos estrat\u00e9gicos<\/strong><br data-start=\"3310\" data-end=\"3313\">Puedes usarlo para posicionar art\u00edculos nuevos o con alta competencia.<\/p>\n<\/li>\n<\/ul>\n<hr data-start=\"3389\" data-end=\"3392\">\n<h2 data-start=\"3394\" data-end=\"3445\"><strong data-start=\"3397\" data-end=\"3445\">3. Modelos de env\u00edo gratis y c\u00f3mo aplicarlos<\/strong><\/h2>\n<p data-start=\"3446\" data-end=\"3578\">Existen diferentes formas de implementar esta estrategia. No todos los productos requieren la misma t\u00e1ctica. Veamos las m\u00e1s comunes:<\/p>\n<ol data-start=\"3580\" data-end=\"4509\">\n<li data-start=\"3580\" data-end=\"3876\">\n<p data-start=\"3583\" data-end=\"3637\"><strong data-start=\"3583\" data-end=\"3635\">Env\u00edo gratis absorbido en el precio del producto<\/strong><\/p>\n<ul data-start=\"3641\" data-end=\"3876\">\n<li data-start=\"3641\" data-end=\"3710\">\n<p data-start=\"3643\" data-end=\"3710\">Consiste en incluir el costo de env\u00edo dentro del precio de venta.<\/p>\n<\/li>\n<li data-start=\"3714\" data-end=\"3816\">\n<p data-start=\"3716\" data-end=\"3816\">Ejemplo: si el producto cuesta $400 MXN y el env\u00edo $100, puedes venderlo en $499 con env\u00edo gratis.<\/p>\n<\/li>\n<li data-start=\"3820\" data-end=\"3876\">\n<p data-start=\"3822\" data-end=\"3876\">Ventaja: el cliente ve un precio final transparente.<\/p>\n<\/li>\n<\/ul>\n<\/li>\n<li data-start=\"3878\" data-end=\"4115\">\n<p data-start=\"3881\" data-end=\"3937\"><strong data-start=\"3881\" data-end=\"3935\">Env\u00edo gratis a partir de un monto m\u00ednimo de compra<\/strong><\/p>\n<ul data-start=\"3941\" data-end=\"4115\">\n<li data-start=\"3941\" data-end=\"3984\">\n<p data-start=\"3943\" data-end=\"3984\">Ideal para fomentar el ticket promedio.<\/p>\n<\/li>\n<li data-start=\"3988\" data-end=\"4046\">\n<p data-start=\"3990\" data-end=\"4046\">Ejemplo: \u201cEnv\u00edo gratis en compras mayores a $700 MXN\u201d.<\/p>\n<\/li>\n<li data-start=\"4050\" data-end=\"4115\">\n<p data-start=\"4052\" data-end=\"4115\">Beneficio: incentiva al cliente a comprar m\u00e1s de un producto.<\/p>\n<\/li>\n<\/ul>\n<\/li>\n<li data-start=\"4117\" data-end=\"4323\">\n<p data-start=\"4120\" data-end=\"4165\"><strong data-start=\"4120\" data-end=\"4163\">Env\u00edo gratis en productos seleccionados<\/strong><\/p>\n<ul data-start=\"4169\" data-end=\"4323\">\n<li data-start=\"4169\" data-end=\"4247\">\n<p data-start=\"4171\" data-end=\"4247\">\u00dasalo para destacar art\u00edculos con alta demanda o para liquidar inventario.<\/p>\n<\/li>\n<li data-start=\"4251\" data-end=\"4323\">\n<p data-start=\"4253\" data-end=\"4323\">Beneficio: atraes tr\u00e1fico y generas visibilidad con productos ancla.<\/p>\n<\/li>\n<\/ul>\n<\/li>\n<li data-start=\"4325\" data-end=\"4509\">\n<p data-start=\"4328\" data-end=\"4370\"><strong data-start=\"4328\" data-end=\"4368\">Env\u00edo gratis como promoci\u00f3n temporal<\/strong><\/p>\n<ul data-start=\"4374\" data-end=\"4509\">\n<li data-start=\"4374\" data-end=\"4444\">\n<p data-start=\"4376\" data-end=\"4444\">Perfecto para campa\u00f1as estacionales (Hot Sale, Buen Fin, Navidad).<\/p>\n<\/li>\n<li data-start=\"4448\" data-end=\"4509\">\n<p data-start=\"4450\" data-end=\"4509\">Genera urgencia y mayor tracci\u00f3n en per\u00edodos espec\u00edficos.<\/p>\n<\/li>\n<\/ul>\n<\/li>\n<\/ol>\n<hr data-start=\"4511\" data-end=\"4514\">\n<h2 data-start=\"4516\" data-end=\"4567\"><strong data-start=\"4519\" data-end=\"4567\">4. C\u00f3mo activar el env\u00edo gratis en Clasco.mx<\/strong><\/h2>\n<p data-start=\"4568\" data-end=\"4617\">Activar esta opci\u00f3n en Clasco.mx es muy sencillo:<\/p>\n<ol data-start=\"4619\" data-end=\"4975\">\n<li data-start=\"4619\" data-end=\"4659\">\n<p data-start=\"4622\" data-end=\"4659\"><strong data-start=\"4622\" data-end=\"4656\">Ingresa a tu panel de vendedor<\/strong>.<\/p>\n<\/li>\n<li data-start=\"4660\" data-end=\"4703\">\n<p data-start=\"4663\" data-end=\"4703\">Selecciona la pesta\u00f1a <strong data-start=\"4685\" data-end=\"4700\">\u201cProductos\u201d<\/strong>.<\/p>\n<\/li>\n<li data-start=\"4704\" data-end=\"4769\">\n<p data-start=\"4707\" data-end=\"4769\">Haz clic en el producto al que quieres agregar env\u00edo gratis.<\/p>\n<\/li>\n<li data-start=\"4770\" data-end=\"4859\">\n<p data-start=\"4773\" data-end=\"4859\">En la secci\u00f3n <strong data-start=\"4787\" data-end=\"4810\">\u201cOpciones de env\u00edo\u201d<\/strong>, activa la casilla <strong data-start=\"4830\" data-end=\"4856\">\u201cOfrecer env\u00edo gratis\u201d<\/strong>.<\/p>\n<\/li>\n<li data-start=\"4860\" data-end=\"4950\">\n<p data-start=\"4863\" data-end=\"4950\">Ajusta tu precio de venta si es necesario, para que el costo de env\u00edo quede cubierto.<\/p>\n<\/li>\n<li data-start=\"4951\" data-end=\"4975\">\n<p data-start=\"4954\" data-end=\"4975\">Guarda los cambios.<\/p>\n<\/li>\n<\/ol>\n<p data-start=\"4977\" data-end=\"5078\">En menos de 2 minutos tendr\u00e1s tu producto publicado con env\u00edo gratis disponible para tus compradores.<\/p>\n<hr data-start=\"5080\" data-end=\"5083\">\n<h2 data-start=\"5085\" data-end=\"5151\"><strong data-start=\"5088\" data-end=\"5151\">5. Estrategias inteligentes para no afectar tu rentabilidad<\/strong><\/h2>\n<p data-start=\"5152\" data-end=\"5269\">Uno de los mayores temores de los vendedores es <strong data-start=\"5200\" data-end=\"5229\">perder margen de ganancia<\/strong> al ofrecer env\u00edo gratis. Para evitarlo:<\/p>\n<ul data-start=\"5271\" data-end=\"5762\">\n<li data-start=\"5271\" data-end=\"5351\">\n<p data-start=\"5273\" data-end=\"5351\"><strong data-start=\"5273\" data-end=\"5298\">Recalcula tus precios<\/strong>: suma el costo promedio del env\u00edo al precio final.<\/p>\n<\/li>\n<li data-start=\"5352\" data-end=\"5489\">\n<p data-start=\"5354\" data-end=\"5489\"><strong data-start=\"5354\" data-end=\"5400\">Clasifica tus productos por peso y volumen<\/strong>: no todos necesitan env\u00edo gratis, evita incluir art\u00edculos muy costosos de transportar.<\/p>\n<\/li>\n<li data-start=\"5490\" data-end=\"5594\">\n<p data-start=\"5492\" data-end=\"5594\"><strong data-start=\"5492\" data-end=\"5550\">Ofrece env\u00edo gratis solo en productos de alta rotaci\u00f3n<\/strong>: esto aumenta ventas y compensa el costo.<\/p>\n<\/li>\n<li data-start=\"5595\" data-end=\"5666\">\n<p data-start=\"5597\" data-end=\"5666\"><strong data-start=\"5597\" data-end=\"5636\">Establece un monto m\u00ednimo de compra<\/strong>: fomenta compras m\u00faltiples.<\/p>\n<\/li>\n<li data-start=\"5667\" data-end=\"5762\">\n<p data-start=\"5669\" data-end=\"5762\"><strong data-start=\"5669\" data-end=\"5695\">Monitorea tus m\u00e9tricas<\/strong>: revisa si con env\u00edo gratis realmente aumentan tus conversiones.<\/p>\n<\/li>\n<\/ul>\n<hr data-start=\"5764\" data-end=\"5767\">\n<h2 data-start=\"5769\" data-end=\"5805\"><strong data-start=\"5772\" data-end=\"5805\">6. Preguntas frecuentes (FAQ)<\/strong><\/h2>\n<p data-start=\"5806\" data-end=\"5920\"><strong data-start=\"5806\" data-end=\"5873\">\u00bfPuedo ofrecer env\u00edo gratis en algunos productos y en otros no?<\/strong><br data-start=\"5873\" data-end=\"5876\">S\u00ed. T\u00fa decides en qu\u00e9 art\u00edculos activarlo.<\/p>\n<p data-start=\"5922\" data-end=\"6088\"><strong data-start=\"5922\" data-end=\"5973\">\u00bfQu\u00e9 pasa si el comprador devuelve el producto?<\/strong><br data-start=\"5973\" data-end=\"5976\">El reembolso aplica sobre el precio total pagado. Considera el costo de log\u00edstica como parte de tu estrategia.<\/p>\n<p data-start=\"6090\" data-end=\"6255\"><strong data-start=\"6090\" data-end=\"6148\">\u00bfQu\u00e9 sucede si mi producto es muy voluminoso o pesado?<\/strong><br data-start=\"6148\" data-end=\"6151\">En esos casos, lo mejor es aplicar env\u00edo gratis condicionado (ej. a partir de cierto monto de compra).<\/p>\n<p data-start=\"6257\" data-end=\"6423\"><strong data-start=\"6257\" data-end=\"6313\">\u00bfEl env\u00edo gratis afecta mi visibilidad en Clasco.mx?<\/strong><br data-start=\"6313\" data-end=\"6316\">S\u00ed, positivamente. Los productos con env\u00edo gratis suelen recibir m\u00e1s clics y aparecen mejor posicionados.<\/p>\n<hr data-start=\"6425\" data-end=\"6428\">\n<h2 data-start=\"6430\" data-end=\"6479\"><strong data-start=\"6433\" data-end=\"6479\">7. Errores comunes al ofrecer env\u00edo gratis<\/strong><\/h2>\n<ul data-start=\"6480\" data-end=\"6846\">\n<li data-start=\"6480\" data-end=\"6578\">\n<p data-start=\"6482\" data-end=\"6578\"><strong data-start=\"6482\" data-end=\"6511\">No calcular el costo real<\/strong>: nunca ofrezcas env\u00edo gratis sin revisar tus tarifas log\u00edsticas.<\/p>\n<\/li>\n<li data-start=\"6579\" data-end=\"6674\">\n<p data-start=\"6581\" data-end=\"6674\"><strong data-start=\"6581\" data-end=\"6637\">Aplicarlo en todos los productos indiscriminadamente<\/strong>: usa estrategia, no improvisaci\u00f3n.<\/p>\n<\/li>\n<li data-start=\"6675\" data-end=\"6758\">\n<p data-start=\"6677\" data-end=\"6758\"><strong data-start=\"6677\" data-end=\"6709\">No comunicarlo adecuadamente<\/strong>: destaca siempre en tu ficha \u201c\u00a1Env\u00edo gratis!\u201d.<\/p>\n<\/li>\n<li data-start=\"6759\" data-end=\"6846\">\n<p data-start=\"6761\" data-end=\"6846\"><strong data-start=\"6761\" data-end=\"6785\">Ignorar fechas clave<\/strong>: perder oportunidades en eventos como Buen Fin o Hot Sale.<\/p>\n<\/li>\n<\/ul>\n<hr data-start=\"6848\" data-end=\"6851\">\n<h2 data-start=\"6853\" data-end=\"6878\"><strong data-start=\"6856\" data-end=\"6878\">8. Casos pr\u00e1cticos<\/strong><\/h2>\n<ul data-start=\"6879\" data-end=\"7437\">\n<li data-start=\"6879\" data-end=\"7067\">\n<p data-start=\"6881\" data-end=\"7067\"><strong data-start=\"6881\" data-end=\"6900\">Ejemplo 1: Moda<\/strong><br data-start=\"6900\" data-end=\"6903\">Un vendedor de mochilas escolares activ\u00f3 env\u00edo gratis en sus modelos m\u00e1s vendidos. Resultado: sus ventas aumentaron un 40 % en la temporada de regreso a clases.<\/p>\n<\/li>\n<li data-start=\"7069\" data-end=\"7236\">\n<p data-start=\"7071\" data-end=\"7236\"><strong data-start=\"7071\" data-end=\"7091\">Ejemplo 2: Hogar<\/strong><br data-start=\"7091\" data-end=\"7094\">Una tienda de utensilios de cocina incluy\u00f3 env\u00edo gratis en compras mayores a $500 MXN. Resultado: el ticket promedio subi\u00f3 de $320 a $580.<\/p>\n<\/li>\n<li data-start=\"7238\" data-end=\"7437\">\n<p data-start=\"7240\" data-end=\"7437\"><strong data-start=\"7240\" data-end=\"7266\">Ejemplo 3: Electr\u00f3nica<\/strong><br data-start=\"7266\" data-end=\"7269\">Un vendedor de accesorios para celulares ofreci\u00f3 env\u00edo gratis en carcasas y cargadores. Resultado: atrajo m\u00e1s clientes que luego compraron productos de mayor valor.<\/p>\n<\/li>\n<\/ul>\n<hr data-start=\"7439\" data-end=\"7442\">\n<h2 data-start=\"7444\" data-end=\"7464\"><strong data-start=\"7447\" data-end=\"7464\">9. Conclusi\u00f3n<\/strong><\/h2>\n<p data-start=\"7465\" data-end=\"7646\">El <strong data-start=\"7468\" data-end=\"7529\">env\u00edo gratis no es un gasto, es una inversi\u00f3n estrat\u00e9gica<\/strong>.<br data-start=\"7530\" data-end=\"7533\">En Clasco.mx, tienes la oportunidad de aplicarlo de manera flexible y convertirlo en tu mejor herramienta para:<\/p>\n<ul data-start=\"7647\" data-end=\"7802\">\n<li data-start=\"7647\" data-end=\"7682\">\n<p data-start=\"7649\" data-end=\"7682\"><strong data-start=\"7649\" data-end=\"7679\">Destacar en el marketplace<\/strong>,<\/p>\n<\/li>\n<li data-start=\"7683\" data-end=\"7717\">\n<p data-start=\"7685\" data-end=\"7717\"><strong data-start=\"7685\" data-end=\"7714\">Aumentar tus conversiones<\/strong>,<\/p>\n<\/li>\n<li data-start=\"7718\" data-end=\"7762\">\n<p data-start=\"7720\" data-end=\"7762\"><strong data-start=\"7720\" data-end=\"7757\">Generar confianza en tus clientes<\/strong>, y<\/p>\n<\/li>\n<li data-start=\"7763\" data-end=\"7802\">\n<p data-start=\"7765\" data-end=\"7802\"><strong data-start=\"7765\" data-end=\"7799\">Hacer crecer tu negocio online<\/strong>.<\/p>\n<\/li>\n<\/ul>\n<p data-start=\"7804\" data-end=\"7916\">\ud83d\ude80 <strong data-start=\"7807\" data-end=\"7916\">No te quedes atr\u00e1s: activa hoy el env\u00edo gratis en Clasco.mx y descubre c\u00f3mo puede transformar tus ventas.<\/strong><\/p>\t\t\t\t\t\t\t\t<\/div>\n\t\t\t\t<\/div>\n\t\t\t\t\t<\/div>\n\t\t\t\t<\/div>\n\t\t\t\t<\/div>\n\t\t","protected":false},"excerpt":{"rendered":"<p>C\u00f3mo vender con env\u00edo gratis en Clasco.mx: Gu\u00eda completa para atraer m\u00e1s clientes y aumentar tus ventas Introducci\u00f3n El comercio electr\u00f3nico en M\u00e9xico est\u00e1 creciendo a pasos acelerados. Cada vez m\u00e1s consumidores prefieren comprar en l\u00ednea, no solo por la conveniencia, sino tambi\u00e9n por las ventajas que encuentran en comparaci\u00f3n con las tiendas f\u00edsicas. Uno [&hellip;]<\/p>\n","protected":false},"author":1,"featured_media":0,"parent":0,"menu_order":0,"comment_status":"open","ping_status":"closed","template":"","meta":{"footnotes":""},"class_list":["post-2126","page","type-page","status-publish","hentry"],"blocksy_meta":[],"_links":{"self":[{"href":"https:\/\/clasco.mx\/blog\/wp-json\/wp\/v2\/pages\/2126","targetHints":{"allow":["GET"]}}],"collection":[{"href":"https:\/\/clasco.mx\/blog\/wp-json\/wp\/v2\/pages"}],"about":[{"href":"https:\/\/clasco.mx\/blog\/wp-json\/wp\/v2\/types\/page"}],"author":[{"embeddable":true,"href":"https:\/\/clasco.mx\/blog\/wp-json\/wp\/v2\/users\/1"}],"replies":[{"embeddable":true,"href":"https:\/\/clasco.mx\/blog\/wp-json\/wp\/v2\/comments?post=2126"}],"version-history":[{"count":5,"href":"https:\/\/clasco.mx\/blog\/wp-json\/wp\/v2\/pages\/2126\/revisions"}],"predecessor-version":[{"id":2531,"href":"https:\/\/clasco.mx\/blog\/wp-json\/wp\/v2\/pages\/2126\/revisions\/2531"}],"wp:attachment":[{"href":"https:\/\/clasco.mx\/blog\/wp-json\/wp\/v2\/media?parent=2126"}],"curies":[{"name":"wp","href":"https:\/\/api.w.org\/{rel}","templated":true}]}}